2*b - 2*d = 12. Let w be (15/b - 2)*8. List the prime factors of w/6 + 676/39.
2, 3
Let k(v) = 653*v - 270. Let x(f) = -326*f + 134. Let b(c) = -6*k(c) - 11*x(c). List the prime factors of b(-4).
2, 11, 67
Let q(y) = 8 + 12*y + y - 11*y. What are the prime factors of q(14)?
2, 3
Suppose -2441*d = -2448*d + 28. Suppose -34476 = -30*j - d*j. List the prime factors of j.
2, 3, 13
Suppose -5*w - 2*a - 5730 = 0, 21*w - 25*w + 4*a - 4556 = 0. Let t = 518 - w. What are the prime factors of t?
2, 3, 277
Let c = 662 + 468. What are the prime factors of c?
2, 5, 113
Suppose -118 = 4*m - 2*y, y + 51 = -m + 20. Suppose i - 2*a - 100 = -i, -4*i - 4*a + 216 = 0. Let t = m + i. What are the prime factors of t?
2, 11
Suppose 285792 = 17*f - 85305 - 9975. List the prime factors of f.
2, 3, 467
Let y(t) = 18540*t + 9. Let a be y(1). Suppose 50*j - a = 41001. What are the prime factors of j?
3, 397
Let m(v) = -9*v - 67 + v - 3*v**2 + 75. Let d be m(-6). Let w = 29 - d. What are the prime factors of w?
3
Suppose 0 = 25*t - 226 + 51. Let r(z) = 8*z**2 + 118*z + 7. What are the prime factors of r(t)?
5, 7
Let a = 1327 + -772. Suppose -120 = c - a. What are the prime factors of c?
3, 5, 29
Let v be 4 + (-2 - -10 - 3). Let k = v - 2. Suppose -k*g = -5 - 30. What are the prime factors of g?
5
Let m = -55 - -58. Suppose q - 4*q + m = 0. List the prime factors of 76/((3 - (3 + -1))/q).
2, 19
Suppose 4*k = -5*n + 131109, -17608 = -2*k + 3*n + 47963. What are the prime factors of k?
3, 7, 223
Suppose 221199 + 193081 = 87*c - 236306. What are the prime factors of c?
2, 3739
Suppose -4*u - 2*q + q + 3829 = 0, 3831 = 4*u + 3*q. List the prime factors of u.
3, 11, 29
Let i(u) = 2*u**2 - 77*u + 896. List the prime factors of i(27).
5, 11
Suppose 32*d - 152*d = -1381560. What are the prime factors of d?
29, 397
Let w(c) = -16*c - 51. Let m be w(-11). Let v = 379 - m. List the prime factors of v.
2, 127
Let r = 3814 - 613. List the prime factors of r.
3, 11, 97
Suppose 83472 = 39*c - 24*c - 2418. List the prime factors of c.
2, 7, 409
Suppose -54*w = -11*w - 1248534 - 130089. What are the prime factors of w?
3, 10687
Suppose 3*l + 25 = 28. What are the prime factors of (12824/(-24)*-3)/l?
7, 229
Suppose -32*j + 0*j = 14*j - 8188. What are the prime factors of j?
2, 89
Let s(h) = -21*h + 484. Let f be s(34). Suppose -142 = -2*p + 628. Let c = f + p. What are the prime factors of c?
5, 31
What are the prime factors of 99348774/7770 + 9*(-1)/(-5)?
2, 23, 139
Let n be ((-4011)/28 + 2)/((-2)/16). Suppose 4*q - m - 901 = 0, q = 6*q - 5*m - n. List the prime factors of q.
3, 5
Suppose -4*r + 891 = -1189. Let u = -266 + r. Let t = u + -168. List the prime factors of t.
2, 43
Let d = 169 - 311. Let r = -57 - d. Let j = -49 + r. List the prime factors of j.
2, 3
Let b(d) = 6*d**2 - d - 1. Let k be b(3). Let c = k - 45. Suppose -w - 4*w - c*j = -430, j - 170 = -2*w. List the prime factors of w.
2, 3, 7
Let m(a) = 162*a + 172. Let s(g) = -81*g - 86. Let q(z) = -2*m(z) - 5*s(z). List the prime factors of q(8).
2, 367
Suppose 32*i - 31*i + 36 = 0. Let w = 477 - i. List the prime factors of w.
3, 19
Let m(s) = -5*s + 14. Let l be 37/5 - (-10)/(-25). Suppose -2 = f + l. List the prime factors of m(f).
59
Let w(x) be the second derivative of x**4/12 - 25*x**3/6 + 298*x**2 - 9*x - 4. List the prime factors of w(0).
2, 149
Let x(d) = 3*d - 7. Let u be x(4). Suppose n - 125 = -u*b, 48 + 74 = n + 2*b. Let a = 174 - n. List the prime factors of a.
2, 3
Suppose -l - 2 + 1 = 2*a, a + 5 = -5*l. List the prime factors of 668 - 1/l*6.
2, 337
Let l(a) = 459*a**2 - 880*a + 7. What are the prime factors of l(6)?
11251
Let s(j) = 90*j**2 - 15*j - 28. What are the prime factors of s(-4)?
2, 23
Suppose -3*c - 7 = 8. What are the prime factors of (-2)/c*2380/14?
2, 17
Suppose 26*r + 40 = 118. Suppose r*u - j = -0*j + 1900, -2*j = 5*u - 3185. What are the prime factors of u?
5, 127
What are the prime factors of (-117785)/(109/(-22) - (-5)/(-110))?
23557
Suppose 4*y - 4*h = 97620, -12*h = -10*h - 14. List the prime factors of y.
2, 17, 359
Suppose 2*p + 69294 = 4*d, 3*p = -132*d + 134*d - 34665. List the prime factors of d.
3, 23, 251
Suppose 0 = 8*j - 6 + 102. List the prime factors of (-115258)/(-156) + (0 - 2/j).
739
Let l = -51 + 159. Suppose 210 = -103*y + l*y. Let o = y - -83. List the prime factors of o.
5
Suppose -4276 = -2*s - 5*i, -510 + 2638 = s + 5*i. List the prime factors of s.
2, 3, 179
Let s be 1 - -19 - (-3)/(3/1). List the prime factors of (0 + 17)*17 + s + -21.
17
Suppose -6*y + 2 = -5*y. Suppose y*j = 7 + 11. What are the prime factors of 1/j + 7980/108?
2, 37
Let l(s) = s**2 - 218*s - 8435. List the prime factors of l(-158).
3, 13, 1307
Let i = 34 - 187. List the prime factors of (-102)/i*(2266 + -1).
2, 5, 151
Suppose 2*z - 16 = -s, 0 = 2*z - 6*z - 5*s + 44. Suppose m - 3*r + r + 46 = 0, -5*r = -2*m - 95. Let l = z - m. List the prime factors of l.
2, 23
Let q = -3813 + 4552. What are the prime factors of q?
739
Suppose 0*v = -5*z + 5*v + 16505, 0 = -4*z + 5*v + 13201. Suppose -4*b - 67*g + 69*g + z = 0, -b - g + 829 = 0. What are the prime factors of b?
827
Suppose 5*b - 29540 = 5*c, b + 525*c - 520*c = 5860. List the prime factors of b.
2, 5, 59
Suppose -3*f + i = -69007, 0 = 4*f - 20*i + 23*i - 92018. What are the prime factors of f?
23003
Let v(c) = 3*c**3 + 8*c**2 - c + 10. Let q(y) = -7*y**3 + 8 - 3*y**3 + 2*y - 24*y**2 - 38. Let t(p) = 2*q(p) + 7*v(p). What are the prime factors of t(-7)?
2, 5
Let g(n) be the second derivative of n**5/12 - 2*n**3/3 + 7*n**2/2 - 12*n. Let u(b) be the first derivative of g(b). List the prime factors of u(-3).
41
Suppose 67914 = -4*h + h. List the prime factors of h/(-22)*-2*(-1)/6.
7
Let j(d) = -d**3 - 23*d**2 - 22*d + 24. Let w be j(-22). Suppose 5*a - 5*o - 590 = 0, 3*o + 98 = a - 2*o. List the prime factors of (4/(-10) - w/(-10)) + a.
5
Let m(i) = i + 390. What are the prime factors of m(74)?
2, 29
Let r(n) = 3*n - 1. Let q be r(2). Let z(d) = -2*d**2 + 10*d + 2. Let o be z(q). Suppose 4*h - o*b = 190, -4*h = 5*b - 8 - 189. What are the prime factors of h?
2, 3
Let o(h) = 3*h - 45. Let u be o(20). Suppose u*w + 3*w - 16992 = 0. What are the prime factors of w?
2, 59
Let u(k) = k**3 + 8*k**2 - 2*k + 8. Suppose 12 = 6*z + 48. What are the prime factors of u(z)?
2, 23
Let b(k) = 256*k**2 + 82*k + 5. What are the prime factors of b(5)?
5, 29, 47
Let l = 4753 - 4750. Suppose 2*f + 5 = 3*q + f, 4*f = q + 13. Suppose l*m = -4*y + 156 - 56, q*y = -15. List the prime factors of m.
2, 5
Let z be (-18)/4 + 3 + (-2519)/2. Let p = z - -2109. What are the prime factors of p?
2, 53
List the prime factors of (-19 - -6 - -6)*(1 - 39964/28).
2, 3, 13
Suppose -3*u = -5*j + 32, -3*u - 20 = -2*j - 0*u. Suppose 5*v = 4*n + 1136, -5*n - 907 = -0*v - j*v. Let g = v + -54. What are the prime factors of g?
2, 3, 29
Suppose 26357 - 4985 = 13*c. What are the prime factors of c?
2, 3, 137
Let t = -58 + 40. Let m(s) be the second derivative of s**4/12 + 11*s**3/6 - 9*s**2/2 - 2849*s. What are the prime factors of m(t)?
3, 13
Let s(c) = c**3 - c**2 + c + 6. Let u(q) = -q**2 + 3*q. Let w be u(3). Let h be s(w). Suppose -h - 60 = -r. List the prime factors of r.
2, 3, 11
Suppose 6*m - 106264 = 4*x, 5*m + 11*x = 6*x + 88495. List the prime factors of m.
2, 3, 13, 227
Suppose 35*n - 69989 = 151106. List the prime factors of n.
6317
Let q be -1*((-10)/(-6) - 1)*75. Let d = q - -56. Let a(k) = 5*k + 22. What are the prime factors of a(d)?
2, 13
Suppose -4*o - 58 = 1218. Let c = o - -549. What are the prime factors of c?
2, 5, 23
Suppose 0 = -225*w + 251*w - 775268. What are the prime factors of w?
2, 17, 877
Suppose -4*p - 2*p = -p. Suppose 3*f = -p*f + 141. List the prime factors of f.
47
Let d(a) = -19 - 3*a - 8*a - 15. Let v(l) = -8*l**2 + 41*l - 47. Let s be v(4). List the prime factors of d(s).
3, 29
Let g = -55 + 57. Suppose -3*w = -k + 8, 0*w + 3*w = -g*k - 20. What are the prime factors of (4 + -6)*(0 - (-3 - k))?
2
Let y = 2872 + -626. Suppose -2*v + 1271 = 3*f - 431, y = 4*f - 2*v. List the prime factors of 4*f/(-32)*-2.
3, 47
Let u = 1842 - 934. Suppose s + 4*g = -3*s + u, 5*s - 1135 = -g. Suppose -t + 115 = -c + 3*c, -s = -4*c + t. List the prime factors of c.
3, 19
Supp